6*k + 1. Determine l(w).
-11
Suppose -3*x + 5*f - 59 = 0, 3*x + 51 = 5*f - 2*f. Let g be 3/(-1) - (3 + x). Let b be (-12)/7 + (-2)/g. Let z(p) = -p**3 - 2*p**2 - 3*p - 1. Give z(b).
5
Let r(y) = -y. Let k(v) = -v - 4. Let j be k(-10). Let u(b) = -2*b + 12. Let g be u(j). Give r(g).
0
Let u(q) be the third derivative of q**4/12 - 4*q**3/3 - 13*q**2. Calculate u(7).
6
Let d(z) = z. Let w(i) = i**3 + 11*i**2 - 11*i + 15. Let x = -42 - -30. Let s be w(x). Suppose -f + 11 = -3*t, 0 = s*f + 7*t - 2*t + 23. Give d(f).
-1
Suppose 5*l + 2*g - 11 = 9, 2*g = -10. Suppose h - 10 = l*h. Let j(m) = m**2 + 6*m - 1. Let b(s) = s**2 + 5*s - 1. Let v(z) = 5*b(z) - 4*j(z). Give v(h).
1
Suppose -s + 2 = 5*o, 2*o + 0*o = 4. Let n(z) = -z**2 - 8*z - 5. What is n(s)?
-5
Suppose 3*q = 2*q - 3*f - 1, 0 = 2*q - 4*f + 12. Let x(s) = -s**2 - 3*s - 5. Calculate x(q).
-9
Let f(v) = 2*v - 2. Let y(g) = -g + 1. Let z be y(-3). Suppose n = -5*c + 5 + 2, n + z*c = 6. What is f(n)?
2
Let v be (-24)/(-11) - (-4)/(-22). Let x(i) = -i**v - 6 + 2*i - 3 + 1 - i. What is x(0)?
-8
Let o(y) be the second derivative of y**5/60 + y**4/24 + y**3/3 + y**2/2 - y. Let p(b) be the first derivative of o(b). Suppose j = 3 - 5. Give p(j).
4
Let o(g) = g + 16. Let l be o(-12). Suppose 5*u + 2 + 28 = 0. Let y be (l/6)/(u/(-45)). Let m(b) = -b**2 + 6*b. Calculate m(y).
5
Let f(o) = 4*o + 5*o**2 - o**2 + 0*o**3 + 0*o**2 - 1 + o**3. Determine f(-3).
-4
Let c(z) = -z + 7. Suppose 12 = 3*l + m, -2*m + 3 = -3*l + 2*m. Determine c(l).
4
Let m = -1 + 1. Let j = m - -2. Let a = 8 - j. Let b(t) = -t**2 + 6*t + 1. Determine b(a).
1
Suppose -3*t + 0*t + 9 = 0. Let m(s) = 2 - s - 1 + 80*s**2 + 6*s**t - 81*s**2. Let b be (-6)/(-3) - (-2)/(-2). What is m(b)?
5
Suppose -38 = 3*x + 88. Let n be 1 + 1 + x/6. Let b(y) = y + 8. Determine b(n).
3
Let g(v) = -v - 1. Let y(z) = 1. Let i(a) = g(a) + 3*y(a). Let l(p) = -p + 11. Let d be l(8). Give i(d).
-1
Let k be 12/(-18) + (-2)/(-3). Suppose k = 3*n + 10 + 5. Let b(q) = -q**3 - 6*q**2 - 3*q + 5. Calculate b(n).
-5
Let u(w) = 2*w + 6. Let c be u(-4). Let b(s) be the third derivative of -1/12*s**4 + 0*s + 0 + 0*s**5 - 1/3*s**3 + 1/120*s**6 - 3*s**2. What is b(c)?
-6
Let q(a) = -a**3 + a**2 - a + 2. Let t be q(0). Let u be t + (-3)/3 + 2. Let n(v) = -v**3 + 2*v**2 + 1. Calculate n(u).
-8
Suppose 2*p + 6 = -4*i, 6*i - i - 2*p + 3 = 0. Let c(f) = f**2. What is c(i)?
1
Let o be (1 - 3)/(1/2). Let w(g) = -g**3 - 3*g**2 + g. What is w(o)?
12
Let a(o) = 3*o - 6. Suppose -4*n + 2*n + 12 = 0. Determine a(n).
12
Let n(t) = t**2 + 4*t + 6. Let p(k) = k**3 - 5*k**2 - 2*k + 6. Let z be p(5). Give n(z).
6
Let j = -5 - -10. Let h(l) = l - 11. What is h(j)?
-6
Let q be -2 + (2 - 2) - 0. Let h(k) = -6*k + 1. What is h(q)?
13
Let f(l) = -l**3 + 10*l**2 + 9*l + 16. Let z be f(11). Let u(c) = -c**2 - 9*c - 9. Give u(z).
9
Let h(y) = -y**3 - 8*y**2 + y + 11. Let f be h(-8). Let a(w) = 3*w**2 - w + w + w**3 + f + 2*w. Let u be (0 - 2)/((-2)/(-3)). Determine a(u).
-3
Let m be (-5)/(-20)*-2*10. Let x(h) = h**3 + 6*h**2 + 6*h + 1. Give x(m).
-4
Suppose -5 = 5*z, 3*a + 5*z - 3 + 2 = 0. Let w(y) be the first derivative of -3*y + 3/2*y**a - 1 - 1/3*y**3. What is w(3)?
-3
Let r be (-10)/(-45) - (-68)/18. Let u(w) = -r*w - 1 + 5*w + 7*w. Suppose -4 = -5*k + k. Give u(k).
7
Let v(w) be the second derivative of -3*w**5/10 - w**4/12 + w. Let r(t) = t + 4 - 4 - 7. Let l be r(6). Determine v(l).
5
Let u(f) = -2*f - 2. Let k(b) = -b - 4. Let t(g) = 2*k(g) - 3*u(g). Calculate t(5).
18
Let g = -3 + 7. Let c(f) = -f + 4*f - g + 9. Let i(x) = -x**3 - 5*x**2 - 2*x + 3. Let r be i(-4). What is c(r)?
-10
Let j(w) = -w - 1. Let g(a) = a**2 - 10*a + 1. Let b(u) = -g(u) + 4*j(u). Give b(5).
0
Let t be -1 - 5 - (0 - 0). Let q(j) = -j + 6. Let k(r) = -2*r + 11. Let v(x) = t*k(x) + 11*q(x). Suppose -6*u + 2*u = -12. Give v(u).
3
Suppose -7*z - 108 = -31. Let i(u) = -u**3 - 11*u**2 - u. What is i(z)?
11
Suppose -2*g - 2 = -2*o, -2*g - 28 = -5*o - 11. Suppose -w = 3*b - o, 4*b + 7 - 19 = -4*w. Let k(y) = 6*y**2 - y. Give k(b).
5
Suppose -10 = -2*u - 2. Let l(q) = q**3 - 3*q**2 - 5*q + 3. Let m be l(u). Let b(o) be the first derivative of -o**2/2 - o - 7. Determine b(m).
0
Let r(y) = -5*y - 2 - 6*y**2 + 2*y**2 + 5*y**2 + 7. Let j be 5/2*(-4)/(-5). Let c = 2 + j. Determine r(c).
1
Let s(u) = -u**2 + 2*u - 3. Let g(a) be the first derivative of a**2/2 - a + 1. Let w(c) = -3*g(c) - s(c). Give w(4).
2
Let d(x) be the first derivative of x**2 + x - 2. Let k be d(-2). Let r(s) = -s**2 - 3*s + 2. Calculate r(k).
2
Let g be (-64)/(-12)*(-18)/(-8). Let o = g + -11. Let w(r) = -12*r**2 - 2*r + 1. Give w(o).
-13
Let j(n) = -15*n**2 + 7*n + n + 3 + 16*n**2. Calculate j(-5).
-12
Let v = -331 + 1993/6. Let j(a) be the second derivative of 5/12*a**4 + 0 - 4*a**2 + 2*a - 1/20*a**5 + v*a**3. Determine j(6).
-2
Suppose -2*c = 3*z + 6 + 8, c + 2*z = -9. Let y(a) = 13*a**2 + a + 1. Determine y(c).
13
Let o be 2/(2/(-4) + 1). Let n(y) = -o*y**3 - 5*y**2 - 1 + 6*y**2 - 7*y**3. Give n(1).
-11
Suppose 3*n + f = 11, 5*n - 7*f = -3*f - 10. Let h(k) = 3*k**2 + 6 - 4*k**n - 2*k**2 + 2*k**2. Calculate h(0).
6
Let y be 74/14 + 4/(-14). Let b(j) be the third derivative of j**6/120 - j**5/15 - j**4/4 + 2*j**3/3 + 31*j**2. Determine b(y).
-1
Let s(x) = 4*x**2 - 3*x. Let w(n) = -11*n**2 + 8*n. Let z(m) = 17*s(m) + 6*w(m). Give z(2).
2
Let u be ((0 - 1) + 0)/(-1). Let t(b) be the second derivative of b**5/10 + b**3/6 - b**2/2 - 4*b. What is t(u)?
2
Let i = -8 - -3. Let z(g) = -2*g - 2. Calculate z(i).
8
Suppose z + 7 = 9. Let j(t) = -3*t**2 + 3*t + t**3 - 1 + t - 3*t. Determine j(z).
-3
Let b(l) = -l - 3. Suppose -4*d + 2*g - 72 = -2*g, -2*g + 74 = -4*d. Let t = -24 - d. What is b(t)?
2
Let l(d) = 2*d + 9. Suppose -2*a = -g - 6 - 8, 5*g + 4*a = -14. What is l(g)?
-3
Suppose -2*m + 2 = 8. Let u(c) be the first derivative of c**5/60 + c**4/24 - c**3/3 + 3*c**2 - 3. Let t(o) be the second derivative of u(o). Give t(m).
4
Let g(b) = -b + 4. Suppose -5*t + 3 = -4*t. Let j(k) = -k**2 + k. Let c be j(0). Let x = t - c. Calculate g(x).
1
Let s(c) = -c**2 - 15*c - 1. Let k be s(-15). Let j(b) = -7*b**2 - 2*b - 1. What is j(k)?
-6
Let o = -22 + 11. Let u(p) = -2*p - 6*p**2 + 2*p + 8 - 2*p - 3. Let c(w) = 17*w**2 + 5*w - 14. Let x(m) = o*u(m) - 4*c(m). Calculate x(-1).
-3
Suppose -5*f = -4*j + 25, -3*j - 2*f - 10 = -4*j. Suppose 3*t = t + 4. Let b(a) = -3*a**t + 2*a**2 + a**3 - 7 + 0*a**2. Determine b(j).
-7
Let q be 1 - 1 - 0 - -3. Suppose 32 = q*y + 2*d, -d + 20 - 56 = -5*y. Suppose y = -4*s + 6*s. Let x(f) = f**2 - 4*f - 3. What is x(s)?
-3
Let i(p) be the second derivative of -p**4/12 - 5*p**3/6 - p**2/2 - p. Let c(n) = n**2 + 4*n. Let o be c(-5). Suppose 0 = -o*m - 5 - 15. Determine i(m).
3
Let v(n) = 2*n**2 - 2. Let r(a) = 2*a - 2. Let b = 4 - 2. Let q be r(b). What is v(q)?
6
Suppose -p + 0*p = -3. Let s(i) = 1 + i**3 - p*i - 4*i + i**2 + 3*i. Determine s(-3).
-5
Suppose -4*q - 10 = 10. Let n(l) be the first derivative of -l**5/120 - l**4/6 - 2*l**3/3 + 2. Let s(g) be the third derivative of n(g). What is s(q)?
1
Let i = 4 - 7. Let w(l) = 14*l - 2. Let q(y) be the second derivative of 5*y**3/6 - y**2/2 - 2*y. Let b(n) = 11*q(n) - 4*w(n). What is b(i)?
0
Suppose -4*t - 5*s = 11, 0*t - 2*t - 3*s = 7. Let i = -9 - -15. Let r(o) = 1 - o + 3*o - i*o. Give r(t).
-3
Let v(j) be the first derivative of 4*j**2 - 2 - 7*j - 1/3*j**3. What is v(5)?
8
Let p(t) = -t**3 - 3*t**2 - 5*t - 2. Let h be (-9)/(-3) + -1 + -5. Give p(h).
13
Suppose -2*r - r - 12 = 0. Let d(l) = -l**2 - 3*l - 2. Determine d(r).
-6
Let u(d) = -2 - d**2 + 28*d - 14*d - 18*d. What is u(-4)?
-2
Let a(l) = -2*l + 12. Let f = -26 - -34. Calculate a(f).
-4
Let p = 56 - 58. Let a(m) = -2*m + 1. Calculate a(p).
5
Let m(t) = 9*t + 5 - 51*t**2 + 28*t**2 + 24*t**2 + 0. Give m(-8).
-3
Let m(l) = -l**3 + 6*l**2 - 7*l + 4. Let r = -60 - -33. Let i be ((-20)/(-6))/((-18)/r). Calculate m(i).
-6
Let v(s) = -3*s - 3. Let w be v(-3). Let u(k) be the second derivative of -k**4/12 + k**3 + k**2/2 - k. What is u(w)?
1
Let q(u) be the third derivative of u**9/60480 + u**8/20160 - u**7/5040 + u**6/240 - u**5/20 - u**2. Let h(n) be the third derivative of q(n). Determine h(0).
3
Let i(p) = -3*p**3 + 3*p**2 - 4*p + 2. Let